2*s + 63*s. List the prime factors of s.
37, 41
Let i(m) = -m**3 - 6*m**2 - 7*m - 7. Let g be i(-5). Suppose 0 = -2*j + g*j - 23. What are the prime factors of j?
23
Suppose 6013 = 19*t - 12*t. List the prime factors of t.
859
Suppose 4*m = 11*m - 77. What are the prime factors of m*5 + 72/(-18)?
3, 17
Suppose -2*i + 5*h + 0 + 25 = 0, -i + 3*h = -15. Let n(t) = t**2 - t + 72. What are the prime factors of n(i)?
2, 3
Let o(a) = a**3 + a**2 - 3*a - 4. Suppose -4*z = 5*x - 28, -1 = x - 5*z - 24. Suppose -3*i - 5 - 6 = 5*l, -4*i - x = 5*l. What are the prime factors of o(i)?
23
Let q(p) = -3*p**3 - p**2 - 25*p - 53. List the prime factors of q(-10).
19, 163
Let f(g) = 4*g**2 + 2*g - 6. Suppose 4*l + 5*y + 17 = 0, -4*l - y - 10 - 3 = 0. Let t be f(l). Let s = t - -5. What are the prime factors of s?
29
Suppose -11462 = 2371*d - 2382*d. List the prime factors of d.
2, 521
Let z(c) = -20*c**3 + 15 + 2 - 8 - 5 - 2*c**2. List the prime factors of z(-2).
2, 3, 13
Let t(l) = 116*l**3 + l**2 - l - 5. List the prime factors of t(2).
5, 37
Let g(k) = 6*k - 6. Let y be g(4). Let n be (0 - -2 - 0) + 31. Let t = n - y. What are the prime factors of t?
3, 5
Suppose 6*t - 156 = -402. Let y = 78 + t. What are the prime factors of y?
37
Let n(y) = 57*y**2 + 10*y + 146. List the prime factors of n(-6).
2, 1069
Let s be (1 - 17)/(1 - 2). Suppose 0 = 22*l + 30 - 118. What are the prime factors of s/(-3 - -5) + l?
2, 3
Let g(t) = -t**3 + 5*t**2 + 7*t - 4. Let v be g(6). Suppose -v*m - m - 2*z + 8 = 0, m + 2*z = -4. Suppose -m*j + 63 = -3*j. What are the prime factors of j?
3, 7
Let l = -19 + 5. Let v = l - -23. Let z = v + 10. List the prime factors of z.
19
Suppose 57*m = 23*m + 2992. List the prime factors of m.
2, 11
Let k(y) = y + 9. Suppose 2 = 5*v - 4*d, -3*d - 5 + 3 = -4*v. Suppose 2 + v = -a. What are the prime factors of k(a)?
5
Suppose -h + 1770 = 4*m, -801 = -4*m - 2*h + 971. What are the prime factors of m?
2, 13, 17
Let y(d) = d**2 + 10*d + 9. Let z be y(-9). Suppose z = -2*g - 2*g + 220. What are the prime factors of g?
5, 11
Suppose -515 = 3*q + 5*u - 1943, 952 = 2*q - u. List the prime factors of q.
2, 7, 17
Suppose 2*y - 13 = -3. Suppose -y*j = -136 + 26. List the prime factors of 1 + (j/1 - 0).
23
Suppose 6*k = -0*k + 714. Suppose -4*l = -l + 2*z - k, -3*l = -z - 116. List the prime factors of l.
3, 13
Let p(q) = -q**2 + 2*q + 3. Let y be p(3). Suppose -7*k + 270 = -4*k. Suppose y = -3*h - 2*h + k. What are the prime factors of h?
2, 3
Suppose -j = -2, 5*o + 10*j - 6498 = 6*j. List the prime factors of o.
2, 11, 59
Suppose 5*k + o - 11 = 2*o, -21 = -3*k - 3*o. Let s be (3/9)/(k/(-27)). Let u = s - -34. What are the prime factors of u?
31
Let r(h) = -h**3 + 12*h**2 + 6*h + 50. List the prime factors of r(-6).
2, 331
Let j = 189 + 248. What are the prime factors of j?
19, 23
Suppose 5*l = -3*j + 3622, 6074 = 5*j - 3*l + 2*l. What are the prime factors of j?
2, 607
Suppose 16*o - 2243 = 1693. What are the prime factors of o?
2, 3, 41
Suppose -5*t + 2320 = 415. What are the prime factors of t?
3, 127
Suppose 2*s - n - 9 = 0, -s - 6*n + 21 = -n. Suppose -s*d - 6 = -7*d. What are the prime factors of d?
2, 3
Let t(k) = -k**2 + 11*k - 24. Let z be t(7). Suppose u - 3*p - 29 = -2*p, -111 = -z*u - p. List the prime factors of u.
2, 7
Suppose -5*n + 200 = -3*n. List the prime factors of n.
2, 5
Let l = 145 - 78. Let u be (-78 + -2)/((-2)/2). Suppose 3*t + l = 2*o, 3*o + 5*t = u + 11. What are the prime factors of o?
2
Let s = -5 - 11. Let p be 709/(-7) - s/56. Let w = p - -157. List the prime factors of w.
2, 7
Let n = 228 + -386. Let h = -61 - n. What are the prime factors of h?
97
Suppose 4*g = -4*t + 3*g + 766, -950 = -5*t - 5*g. What are the prime factors of t?
2, 3
Suppose k = -o + 73, -5*o = 5*k - 2*k - 229. Let m be (-2)/(8/k*-1). What are the prime factors of (5 - m)/((-3)/2)?
2
What are the prime factors of (10*(-202)/(-16))/(40/800)?
5, 101
Suppose 3*o + 38 = -7. Let k be ((-63)/(-6))/(o/20). Let h = 17 + k. List the prime factors of h.
3
Let r = -89 + 239. Let t = -88 + r. What are the prime factors of t?
2, 31
Let o be 1*214/(-30) - (-22)/165. What are the prime factors of (18/o)/((-3)/28)?
2, 3
Let u(d) = 8*d + 5. Let s be u(-2). Let y(j) = -7*j + 11. Let x be y(s). Let v = x + -53. What are the prime factors of v?
5, 7
Suppose 0 = -2*r - 1 + 23. Let v(y) = y + 3*y - r*y + 2. What are the prime factors of v(-4)?
2, 3, 5
Let b(t) = -t + 10. Let z be b(8). Suppose g + 2 = 0, z*d - 12 = -4*g + 16. Let n = d - -18. What are the prime factors of n?
2, 3
Let n = 89 - 63. List the prime factors of n/1*(-6)/(-12).
13
What are the prime factors of 175*((19 - -2) + (-44)/(-11))?
5, 7
Let x = -51 + 23. Let a be ((-2)/(-1) - 4)*x. Let r = 97 - a. What are the prime factors of r?
41
Let l = 87 + -83. Suppose -u - 447 = -l*m, m - 5*m + 432 = 4*u. List the prime factors of m.
3, 37
Let t = -54 - 267. What are the prime factors of (t/4)/(4/(-16))?
3, 107
Let l(j) = 6*j**2 + 5*j + 4. Let i be (-36)/(3 + 1)*3/(-9). What are the prime factors of l(i)?
73
Let h(a) = -a**2 - 26*a - 26. Let r be h(-12). Let q = r - 80. List the prime factors of q.
2, 31
Suppose 25 = -5*x, -q + 3*x - 273 + 3594 = 0. List the prime factors of q.
2, 3, 19, 29
Let f(w) = -w**2 - 15*w - 17. Suppose -5*b + 2*t = 32, t + 4*t = 2*b + 17. List the prime factors of f(b).
37
Suppose 0 = 3*t - 0*t. Let k(d) = -d. Let q be k(t). Suppose -28 = -3*l - 2*p, q = -5*l + l + 3*p + 26. List the prime factors of l.
2
Let h = 21 + -6. Let t be 77/h + 2/(-15). Suppose -t*m + 22 = -2*u - 209, -149 = -3*m - 4*u. What are the prime factors of m?
47
Let x = -57 - -93. Suppose 0 = 2*k + 2*g + 2*g - x, 0 = 4*k + 4*g - 52. Suppose 155 = -3*m + k*m. What are the prime factors of m?
31
Let m = 4601 - 1566. List the prime factors of m.
5, 607
Let p(s) = s**2 + s + 58. List the prime factors of p(-21).
2, 239
Let h(k) be the second derivative of 1/12*k**4 + 0 - 1/2*k**2 + 1/6*k**3 - 5*k. List the prime factors of h(-3).
5
Let n be 1185/20 + 2/(-8)*1. Suppose -3*m - 2 = -n. What are the prime factors of m?
19
Let i(k) be the first derivative of k**4/2 - 2*k**3/3 - k - 3. List the prime factors of i(5).
199
Let r = 63 - 58. Let u(g) = -g**3 + 4*g**2 + 2*g. Let i be u(3). Suppose -55 - i = -r*w. List the prime factors of w.
2, 7
Let o(g) be the second derivative of g**4/12 + g**3/6 - 15*g**2/2 + 7*g. Let h be o(4). Let m(w) = 12*w - 9. List the prime factors of m(h).
3, 17
Suppose -21*t + 12*t = -27. Let a(m) = 35*m - 6. Let j(f) = 12*f - 2. Let b(n) = -2*a(n) + 7*j(n). What are the prime factors of b(t)?
2, 5
Suppose 5100 = 10*l + 7*l. What are the prime factors of l?
2, 3, 5
Let i be ((-5)/6)/((-10)/60). Suppose -g + 9*j = 8*j - 144, i*j - 612 = -4*g. What are the prime factors of g?
2, 37
Let s(i) = i**2 + 10*i - 17. Let x(w) = w - 3. Let y be x(12). Suppose 4 = -q - y. List the prime factors of s(q).
2, 11
Let b(m) = -41*m - 109. What are the prime factors of b(-4)?
5, 11
Let n(h) = -2*h**2 + 13*h - 2. Let j be n(6). Suppose 0 = j*u + 2*g - 168, -2 + 0 = -g. Suppose -4*w + u + 19 = 0. List the prime factors of w.
3, 5
Suppose 5*i = 5*s + 40, 2*i - 4 = -2*s - 0. Suppose i*u = 3*u + 22. Let y = u + 5. What are the prime factors of y?
2
Suppose 3*a - 4231 = -5*j, 2*a - 4*j + 9*j - 2824 = 0. What are the prime factors of a?
3, 7, 67
Let o = 11 - 6. Suppose 0 = 2*d - o*d + 153. List the prime factors of d.
3, 17
Let m(o) = o**3 + 8*o**2 + 7*o - 5. Suppose g = -1 - 6. Let z be m(g). What are the prime factors of (-90)/(-25)*z/(-3)?
2, 3
Let l(w) = -w**3 + 7*w**2 - 9*w - 2. Let z be l(5). Suppose 3*x - 174 = -z*t, -2*x + 237 = 4*t + 13. What are the prime factors of t?
2, 3
Suppose 0*s + 61074 = 26*s. List the prime factors of s.
3, 29
Suppose 57452 - 18402 = 25*w. What are the prime factors of w?
2, 11, 71
List the prime factors of 23606/66*9/3.
29, 37
Let w(t) = t**3 + 46*t**2 - t + 119. List the prime factors of w(-46).
3, 5, 11
Let h = 20 - 16. Suppose h*w - 5*u = -8, 2 = -w + u + 1. Suppose -2*k + 36 + 18 = 2*j, 0 = -j - w*k + 37. List the prime factors of j.
2, 11
Suppose z = 2*z + 1, 2*q + 5*z - 523 = 0. Suppose -c - 560 = -3*c + 2*n, -c - 3*n + q = 0. What are the prime factors of c?
2, 3, 23
Suppose -v = 5*p - 